3 and 41.
41
Calculate the greatest common divisor of 22 and 121.
11
Calculate the greatest common factor of 2886 and 1850.
74
Calculate the highest common divisor of 248 and 19964.
124
What is the greatest common factor of 112 and 200?
8
Calculate the greatest common divisor of 1122 and 759.
33
What is the greatest common divisor of 287 and 56?
7
What is the greatest common divisor of 14 and 2?
2
Calculate the highest common divisor of 49 and 392.
49
What is the greatest common divisor of 1960 and 5635?
245
What is the highest common factor of 94 and 4?
2
Calculate the highest common factor of 592 and 16.
16
What is the highest common factor of 21 and 7413?
21
What is the greatest common factor of 1 and 2?
1
Calculate the highest common factor of 352 and 128.
32
What is the greatest common factor of 169 and 481?
13
Calculate the greatest common factor of 17565 and 15.
15
Calculate the greatest common factor of 168 and 84.
84
Calculate the greatest common factor of 206 and 8343.
103
Calculate the greatest common divisor of 255 and 3.
3
Calculate the greatest common divisor of 2376 and 216.
216
What is the highest common factor of 9506 and 970?
194
Calculate the greatest common factor of 380 and 3230.
190
What is the greatest common divisor of 55 and 9636?
11
What is the greatest common divisor of 1320 and 3?
3
Calculate the highest common factor of 60 and 940.
20
Calculate the highest common factor of 129 and 6.
3
What is the greatest common factor of 140 and 195?
5
What is the highest common factor of 21 and 22029?
21
What is the highest common divisor of 28 and 17?
1
Calculate the greatest common factor of 182 and 14.
14
Calculate the highest common divisor of 16576 and 16.
16
Calculate the greatest common divisor of 18 and 99.
9
Calculate the highest common factor of 113369 and 73.
73
What is the highest common divisor of 8 and 296?
8
What is the highest common divisor of 221 and 26?
13
Calculate the highest common divisor of 44 and 33.
11
What is the greatest common divisor of 116 and 87?
29
What is the greatest common factor of 34 and 850?
34
Calculate the greatest common divisor of 78 and 234.
78
Calculate the highest common divisor of 894 and 6.
6
What is the highest common divisor of 228 and 1416?
12
Calculate the greatest common factor of 360 and 140.
20
Calculate the greatest common factor of 2964 and 3.
3
What is the highest common divisor of 156 and 832?
52
What is the highest common divisor of 4300 and 516?
172
What is the greatest common factor of 3904 and 12?
4
What is the greatest common factor of 301 and 1763?
43
Calculate the highest common divisor of 782 and 34.
34
What is the greatest common factor of 520 and 60?
20
What is the highest common divisor of 32 and 1504?
32
What is the greatest common factor of 1540 and 364?
28
What is the highest common factor of 520 and 10?
10
Calculate the greatest common divisor of 190 and 342.
38
What is the greatest common divisor of 493 and 290?
29
Calculate the highest common factor of 1274 and 520.
26
What is the greatest common factor of 10 and 10?
10
Calculate the greatest common divisor of 450 and 1910.
10
Calculate the highest common factor of 2250 and 875.
125
Calculate the highest common factor of 35 and 245.
35
What is the greatest common divisor of 1890 and 594?
54
What is the greatest common factor of 9 and 621?
9
What is the highest common divisor of 21 and 7623?
21
Calculate the highest common factor of 748 and 442.
34
What is the greatest common divisor of 10 and 890?
10
What is the greatest common factor of 2860 and 300?
20
What is the greatest common factor of 33 and 1694?
11
What is the greatest common factor of 26 and 182?
26
What is the greatest common factor of 36 and 60?
12
What is the highest common divisor of 40 and 1310?
10
What is the greatest common divisor of 5412 and 44?
44
What is the greatest common divisor of 507 and 26?
13
Calculate the greatest common divisor of 126 and 4464.
18
Calculate the greatest common divisor of 6 and 78.
6
Calculate the highest common factor of 37035 and 45.
45
Calculate the greatest common factor of 34 and 7242.
34
What is the greatest common divisor of 3 and 111?
3
What is the highest common factor of 252 and 14679?
63
Calculate the highest common divisor of 30260 and 80.
20
Calculate the greatest common divisor of 9 and 17496.
9
Calculate the highest common divisor of 110 and 1243.
11
What is the highest common divisor of 470 and 70?
10
What is the greatest common divisor of 9200 and 50?
50
What is the greatest common factor of 21 and 861?
21
What is the highest common factor of 5936 and 392?
56
Calculate the highest common divisor of 3 and 339.
3
What is the greatest common factor of 800 and 544?
32
What is the greatest common factor of 315 and 21210?
105
Calculate the highest common divisor of 806 and 124.
62
Calculate the greatest common divisor of 1107 and 1517.
41
What is the greatest common divisor of 54 and 1?
1
What is the greatest common factor of 55 and 1628?
11
What is the highest common divisor of 42 and 77?
7
Calculate the greatest common divisor of 1769 and 244.
61
Calculate the highest common factor of 45 and 7335.
45
What is the greatest common divisor of 120 and 920?
40
What is the greatest common factor of 45 and 510?
15
What is the highest common factor of 35 and 55?
5
What is the highest common divisor of 30413 and 17?
17
What is the highest common divisor of 5485 and 5?
5
Calculate the highest common factor of 85 and 37315.
85
What is the greatest common factor of 55 and 495?
55
What is the greatest common factor of 2097 and 117?
9
What is the highest common factor of 220 and 396?
44
What is the highest common divisor of 128 and 272?
16
What is the highest common divisor of 1024 and 20?
4
Calculate the greatest common divisor of 45 and 18.
9
What is the highest common divisor of 123 and 6?
3
What is the highest common factor of 59 and 531?
59
Calculate the highest common factor of 99 and 396.
99
What is the greatest common factor of 14280 and 153?
51
Calculate the greatest common divisor of 28 and 406.
14
What is the highest common divisor of 4 and 36?
4
What is the highest common divisor of 10728 and 745?
149
What is the highest common factor of 36 and 117?
9
What is the highest common factor of 258 and 731?
43
What is the greatest common divisor of 444 and 4218?
222
Calculate the greatest common divisor of 13865 and 1175.
235
What is the greatest common factor of 176 and 297?
11
Calculate the greatest common factor of 115 and 20.
5
What is the greatest common factor of 979 and 267?
89
What is the highest common divisor of 24 and 17?
1
Calculate the greatest common factor of 39035 and 185.
185
What is the highest common divisor of 298 and 8791?
149
Calculate the greatest common divisor of 598 and 52.
26
Calculate the highest common factor of 7 and 175.
7
Calculate the highest common factor of 60 and 35.
5
What is the highest common divisor of 8 and 1484?
4
Calculate the highest common divisor of 286 and 455.
13
What is the highest common divisor of 334 and 3841?
167
Calculate the highest common factor of 93 and 930.
93
What is the greatest common divisor of 72 and 8?
8
What is the highest common divisor of 76 and 114?
38
Calculate the highest common divisor of 289 and 221.
17
What is the greatest common factor of 1791 and 1592?
199
Calculate the highest common factor of 6 and 10.
2
What is the greatest common factor of 154 and 2002?
154
What is the greatest common divisor of 11 and 187?
11
Calculate the highest common divisor of 185 and 5.
5
Calculate the highest common factor of 1 and 11.
1
Calculate the highest common divisor of 88 and 1034.
22
Calculate the greatest common factor of 5373 and 398.
199
Calculate the highest common factor of 2148 and 132.
12
Calculate the highest common factor of 429 and 165.
33
What is the greatest common divisor of 4056 and 5616?
312
Calculate the highest common factor of 114 and 2109.
57
What is the highest common factor of 72 and 11646?
18
What is the greatest common divisor of 5 and 335?
5
Calculate the highest common divisor of 72 and 192.
24
What is the highest common divisor of 2756 and 52?
52
Calculate the highest common factor of 58 and 2059.
29
What is the h